{"id":2277,"date":"2021-04-18T17:01:50","date_gmt":"2021-04-18T15:01:50","guid":{"rendered":"http:\/\/asimrdu.cluster030.hosting.ovh.net\/?page_id=2277"},"modified":"2021-11-05T17:52:40","modified_gmt":"2021-11-05T16:52:40","slug":"enquetes-et-barometres","status":"publish","type":"page","link":"http:\/\/www.cpvassocies.com\/index.php\/enquetes-et-barometres\/","title":{"rendered":"Enqu\u00eates &#038; barom\u00e8tres"},"content":{"rendered":"<div class=\"bt_bb_wrapper\"><section id=\"bt_bb_section69e2052edd699\"  class=\"bt_bb_section bt_bb_layout_boxed_800 bt_bb_vertical_align_top\" ><div class=\"bt_bb_port\"><div class=\"bt_bb_cell\"><div class=\"bt_bb_cell_inner\"><div class=\"bt_bb_row_wrapper\"><div  class=\"bt_bb_row\" ><div  class=\"bt_bb_column col-xxl-2 col-xl-2 bt_bb_vertical_align_top bt_bb_align_left bt_bb_padding_normal\"  data-width=\"2\" data-bt-override-class=\"{}\"><div class=\"bt_bb_column_content\"><\/div><\/div><div  class=\"bt_bb_column col-xxl-8 col-xl-8 bt_bb_vertical_align_top bt_bb_align_center bt_bb_padding_normal\"  data-width=\"8\" data-bt-override-class=\"{}\"><div class=\"bt_bb_column_content\"><div class=\"bt_bb_separator bt_bb_top_spacing_small bt_bb_border_style_none\"><\/div><div class=\"bt_bb_service bt_bb_color_scheme_8 bt_bb_style_outline bt_bb_shape_circle bt_bb_size_large bt_bb_align_inherit\" style=\"; --service-primary-color:#00007f; --service-secondary-color:#ffffff;\" data-bt-override-class=\"null\"><span  data-ico-analyticsandinvestment=\"&#xe902;\" class=\"bt_bb_icon_holder\"><\/span><div class=\"bt_bb_service_content\"><div class=\"bt_bb_service_content_title\">ENQUETES &amp; BAROMETRES<\/div><\/div><\/div><\/div><\/div><div  class=\"bt_bb_column col-xxl-2 col-xl-2 bt_bb_vertical_align_top bt_bb_align_left bt_bb_padding_normal\"  data-width=\"2\" data-bt-override-class=\"{}\"><div class=\"bt_bb_column_content\"><\/div><\/div><\/div><\/div><div class=\"bt_bb_row_wrapper\"><div  class=\"bt_bb_row\" ><div  class=\"bt_bb_column col-xxl-12 col-xl-12 bt_bb_vertical_align_top bt_bb_align_left bt_bb_padding_normal\"  data-width=\"12\" data-bt-override-class=\"{}\"><div class=\"bt_bb_column_content\"><\/div><\/div><\/div><\/div><div class=\"bt_bb_row_wrapper\"><div  class=\"bt_bb_row\" ><div  class=\"bt_bb_column col-xxl-12 col-xl-12 bt_bb_vertical_align_top bt_bb_align_left bt_bb_padding_normal\"  data-width=\"12\" data-bt-override-class=\"{}\"><div class=\"bt_bb_column_content\"><\/div><\/div><\/div><\/div><div class=\"bt_bb_row_wrapper\"><div  class=\"bt_bb_row\" ><div  class=\"bt_bb_column col-xxl-12 col-xl-12 bt_bb_vertical_align_top bt_bb_align_left bt_bb_padding_normal\"  data-width=\"12\" data-bt-override-class=\"{}\"><div class=\"bt_bb_column_content\"><\/div><\/div><\/div><\/div><\/div><\/div><\/div><\/section><section id=\"bt_bb_section69e2052edd99e\"  class=\"bt_bb_section bt_bb_top_spacing_small bt_bb_layout_boxed_1100 bt_bb_vertical_align_top\" ><div class=\"bt_bb_port\"><div class=\"bt_bb_cell\"><div class=\"bt_bb_cell_inner\"><div class=\"bt_bb_row_wrapper\"><div  class=\"bt_bb_row\" ><div  class=\"bt_bb_column col-xxl-12 col-xl-12 bt_bb_vertical_align_top bt_bb_align_left bt_bb_padding_normal\"  data-width=\"12\" data-bt-override-class=\"{}\"><div class=\"bt_bb_column_content\"><div class=\"bt_bb_separator bt_bb_border_style_none\"><\/div><header class=\"bt_bb_headline bt_bb_dash_top bt_bb_size_extralarge bt_bb_align_inherit\" data-bt-override-class=\"{&quot;bt_bb_size_&quot;:{&quot;current_class&quot;:&quot;bt_bb_size_extralarge&quot;,&quot;xl&quot;:&quot;extralarge&quot;},&quot;bt_bb_align_&quot;:{&quot;current_class&quot;:&quot;bt_bb_align_inherit&quot;,&quot;xl&quot;:&quot;inherit&quot;}}\"><\/header><div class=\"bt_bb_separator bt_bb_border_style_none\"><\/div><header class=\"bt_bb_headline bt_bb_dash_top bt_bb_size_inherit bt_bb_subheadline bt_bb_align_center\" data-bt-override-class=\"{&quot;bt_bb_size_&quot;:{&quot;current_class&quot;:&quot;bt_bb_size_inherit&quot;,&quot;xl&quot;:&quot;inherit&quot;},&quot;bt_bb_align_&quot;:{&quot;current_class&quot;:&quot;bt_bb_align_center&quot;,&quot;xl&quot;:&quot;center&quot;}}\"><div class=\"bt_bb_headline_subheadline\">Nous r\u00e9alisons de nombreuses enqu\u00eates aupr\u00e8s de clients, utilisateurs d\u2019infrastructures ou services logistiques. Nous intervenons d\u00e8s la phase de conception de l\u2019\u00e9tude \/ enqu\u00eate, jusqu\u2019au traitement, suivi et restitution des donn\u00e9es.<br \/>\r\n<br \/>\r\nNous prenons soin de comprendre les besoins et objectifs dans le but de d\u00e9velopper une \u00e9tude adapt\u00e9e \u00e0 vos crit\u00e8re (satisfaction clients, optimisations logistiques\u2026).<br \/>\r\n<br \/>\r\n<\/div><\/header><div class=\"bt_bb_separator bt_bb_bottom_spacing_normal bt_bb_border_style_none\"><\/div><\/div><\/div><\/div><\/div><\/div><\/div><\/div><\/section><section id=\"bt_bb_section69e2052eddb14\"  class=\"bt_bb_section bt_bb_top_spacing_normal bt_bb_bottom_spacing_small bt_bb_layout_boxed_1100 bt_bb_vertical_align_top\" ><div class=\"bt_bb_port\"><div class=\"bt_bb_cell\"><div class=\"bt_bb_cell_inner\"><div class=\"bt_bb_row_wrapper\"><div  class=\"bt_bb_row bt_bb_column_gap_10\" ><div  class=\"bt_bb_column col-xxl-4 col-xl-4 bt_bb_vertical_align_bottom bt_bb_align_left bt_bb_padding_text_indent bt_bb_highlight\" style=\"margin-bottom: 20px;\" data-width=\"4\" data-bt-override-class=\"{}\"><div class=\"bt_bb_column_content\" style=\"background-color:rgba(255, 255, 255, 1);\"><div class=\"bt_bb_image bt_bb_shape_square bt_bb_align_inherit bt_bb_hover_style_simple bt_bb_content_display_show-on-hover bt_bb_content_align_bottom bt_bb_content_exists\" data-bt-override-class=\"{&quot;bt_bb_align_&quot;:{&quot;current_class&quot;:&quot;bt_bb_align_inherit&quot;,&quot;xl&quot;:&quot;inherit&quot;}}\"><a href=\"http:\/\/www.cpvassocies.com\/index.php\/2-4-1-enquetes-qualitatives-interviews-en-face-a-face-et-ou-telephoniques\/\"  target=\"_self\"  title=\"fizkes181100263\"><img loading=\"lazy\" decoding=\"async\" width=\"450\" height=\"300\" src=\"http:\/\/www.cpvassocies.com\/wp-content\/uploads\/2021\/11\/fizkes181100263.jpg\" class=\"attachment-large size-large\" alt=\"http:\/\/www.cpvassocies.com\/wp-content\/uploads\/2021\/11\/fizkes181100263.jpg\" data-full_image_src=\"http:\/\/www.cpvassocies.com\/wp-content\/uploads\/2021\/11\/fizkes181100263.jpg\" title=\"fizkes181100263\" srcset=\"http:\/\/www.cpvassocies.com\/wp-content\/uploads\/2021\/11\/fizkes181100263.jpg 450w, http:\/\/www.cpvassocies.com\/wp-content\/uploads\/2021\/11\/fizkes181100263-320x213.jpg 320w\" sizes=\"(max-width: 450px) 100vw, 450px\" \/><\/a><div class=\"bt_bb_image_content\" style=\"background-color: rgba(32, 66, 138, 0.8);\"><div class=\"bt_bb_image_content_flex\"><div class=\"bt_bb_image_content_inner\"><div class=\"bt_bb_button bt_bb_icon_position_right bt_bb_color_scheme_11 bt_bb_style_clean bt_bb_size_small bt_bb_width_inline bt_bb_shape_inherit bt_bb_align_inherit\" data-bt-override-class=\"{}\"><a href=\"http:\/\/www.cpvassocies.com\/index.php\/2-4-1-enquetes-qualitatives-interviews-en-face-a-face-et-ou-telephoniques\/\" target=\"_self\" class=\"bt_bb_link\" title=\"En savoir plus \"><span class=\"bt_bb_button_text\">En savoir plus <\/span><span  data-ico-fontawesome=\"&#xf101;\" class=\"bt_bb_icon_holder\"><\/span><\/a><\/div><\/div><\/div><\/div><\/div><div class=\"bt_bb_separator bt_bb_bottom_spacing_normal bt_bb_border_style_none\"><\/div><header class=\"bt_bb_headline bt_bb_dash_none bt_bb_size_small bt_bb_align_center\" data-bt-override-class=\"{&quot;bt_bb_size_&quot;:{&quot;current_class&quot;:&quot;bt_bb_size_small&quot;,&quot;xl&quot;:&quot;small&quot;},&quot;bt_bb_align_&quot;:{&quot;current_class&quot;:&quot;bt_bb_align_center&quot;,&quot;xl&quot;:&quot;center&quot;}}\"><h5 class=\"bt_bb_headline_tag\"><span class=\"bt_bb_headline_content\"><span><a href=\"http:\/\/www.cpvassocies.com\/index.php\/2-4-1-enquetes-qualitatives-interviews-en-face-a-face-et-ou-telephoniques\/\" target=\"_self\" title=\"Enqu\u00eates qualitatives - interviews face \u00e0 face  et\/ou t\u00e9l\u00e9phoniques \"><u>Enqu\u00eates qualitatives - interviews face \u00e0 face<br \/>\r\net\/ou t\u00e9l\u00e9phoniques <\/u><\/a><\/span><\/span><\/h5><\/header><div class=\"bt_bb_separator bt_bb_bottom_spacing_normal bt_bb_border_style_none\"><\/div><\/div><\/div><div  class=\"bt_bb_column col-xxl-4 col-xl-4 bt_bb_vertical_align_bottom bt_bb_align_left bt_bb_padding_text_indent bt_bb_highlight\" style=\"margin-bottom: 20px;\" data-width=\"4\" data-bt-override-class=\"{}\"><div class=\"bt_bb_column_content\" style=\"background-color:rgba(255, 255, 255, 1);\"><div class=\"bt_bb_image bt_bb_shape_square bt_bb_align_inherit bt_bb_hover_style_simple bt_bb_content_display_show-on-hover bt_bb_content_align_bottom bt_bb_content_exists\" data-bt-override-class=\"{&quot;bt_bb_align_&quot;:{&quot;current_class&quot;:&quot;bt_bb_align_inherit&quot;,&quot;xl&quot;:&quot;inherit&quot;}}\"><a href=\"http:\/\/www.cpvassocies.com\/index.php\/2-4-2-enquetes-prospectives-secteurs-et-ou-business-solutions\/\"  target=\"_self\"  title=\"bulb-5258341_1920\"><img loading=\"lazy\" decoding=\"async\" width=\"1200\" height=\"798\" src=\"http:\/\/www.cpvassocies.com\/wp-content\/uploads\/2021\/09\/bulb-5258341_1920-1280x851.jpg\" class=\"attachment-large size-large\" alt=\"http:\/\/www.cpvassocies.com\/wp-content\/uploads\/2021\/09\/bulb-5258341_1920-1280x851.jpg\" data-full_image_src=\"http:\/\/www.cpvassocies.com\/wp-content\/uploads\/2021\/09\/bulb-5258341_1920.jpg\" title=\"bulb-5258341_1920\" srcset=\"http:\/\/www.cpvassocies.com\/wp-content\/uploads\/2021\/09\/bulb-5258341_1920-1280x851.jpg 1280w, http:\/\/www.cpvassocies.com\/wp-content\/uploads\/2021\/09\/bulb-5258341_1920-640x426.jpg 640w, http:\/\/www.cpvassocies.com\/wp-content\/uploads\/2021\/09\/bulb-5258341_1920-768x511.jpg 768w, http:\/\/www.cpvassocies.com\/wp-content\/uploads\/2021\/09\/bulb-5258341_1920-1536x1022.jpg 1536w, http:\/\/www.cpvassocies.com\/wp-content\/uploads\/2021\/09\/bulb-5258341_1920-320x213.jpg 320w, http:\/\/www.cpvassocies.com\/wp-content\/uploads\/2021\/09\/bulb-5258341_1920.jpg 1920w\" sizes=\"(max-width: 1200px) 100vw, 1200px\" \/><\/a><div class=\"bt_bb_image_content\" style=\"background-color: rgba(32, 66, 138, 0.8);\"><div class=\"bt_bb_image_content_flex\"><div class=\"bt_bb_image_content_inner\"><div class=\"bt_bb_button bt_bb_icon_position_right bt_bb_color_scheme_11 bt_bb_style_clean bt_bb_size_small bt_bb_width_inline bt_bb_shape_inherit bt_bb_align_inherit\" data-bt-override-class=\"{}\"><a href=\"http:\/\/www.cpvassocies.com\/index.php\/2-4-2-enquetes-prospectives-secteurs-et-ou-business-solutions\/\" target=\"_self\" class=\"bt_bb_link\" title=\"En savoir plus \"><span class=\"bt_bb_button_text\">En savoir plus <\/span><span  data-ico-fontawesome=\"&#xf101;\" class=\"bt_bb_icon_holder\"><\/span><\/a><\/div><\/div><\/div><\/div><\/div><div class=\"bt_bb_separator bt_bb_bottom_spacing_normal bt_bb_border_style_none\"><\/div><header class=\"bt_bb_headline bt_bb_dash_none bt_bb_size_small bt_bb_align_center\" data-bt-override-class=\"{&quot;bt_bb_size_&quot;:{&quot;current_class&quot;:&quot;bt_bb_size_small&quot;,&quot;xl&quot;:&quot;small&quot;},&quot;bt_bb_align_&quot;:{&quot;current_class&quot;:&quot;bt_bb_align_center&quot;,&quot;xl&quot;:&quot;center&quot;}}\"><h5 class=\"bt_bb_headline_tag\"><span class=\"bt_bb_headline_content\"><span><a href=\"http:\/\/www.cpvassocies.com\/index.php\/2-4-2-enquetes-prospectives-secteurs-et-ou-business-solutions\/\" target=\"_self\" title=\"Enqu\u00eates prospectives secteurs  et\/ou business solutions\"><u>Enqu\u00eates prospectives secteurs<br \/>\r\net\/ou business solutions<\/u><\/a><\/span><\/span><\/h5><\/header><div class=\"bt_bb_separator bt_bb_bottom_spacing_normal bt_bb_border_style_none\"><\/div><\/div><\/div><div  class=\"bt_bb_column col-xxl-4 col-xl-4 bt_bb_vertical_align_bottom bt_bb_align_left bt_bb_padding_text_indent bt_bb_highlight\" style=\"margin-bottom: 20px;\" data-width=\"4\" data-bt-override-class=\"{}\"><div class=\"bt_bb_column_content\" style=\"background-color:rgba(255, 255, 255, 1);\"><div class=\"bt_bb_image bt_bb_shape_square bt_bb_align_inherit bt_bb_hover_style_simple bt_bb_content_display_show-on-hover bt_bb_content_align_bottom bt_bb_content_exists\" data-bt-override-class=\"{&quot;bt_bb_align_&quot;:{&quot;current_class&quot;:&quot;bt_bb_align_inherit&quot;,&quot;xl&quot;:&quot;inherit&quot;}}\"><a href=\"http:\/\/www.cpvassocies.com\/index.php\/2-4-3-enquetes-de-satisfaction-des-clients-internes-et-ou-externes\/\"  target=\"_self\"  title=\"feedback-3676922_1920\"><img loading=\"lazy\" decoding=\"async\" width=\"1200\" height=\"797\" src=\"http:\/\/www.cpvassocies.com\/wp-content\/uploads\/2021\/09\/feedback-3676922_1920-1280x850.jpg\" class=\"attachment-large size-large\" alt=\"http:\/\/www.cpvassocies.com\/wp-content\/uploads\/2021\/09\/feedback-3676922_1920-1280x850.jpg\" data-full_image_src=\"http:\/\/www.cpvassocies.com\/wp-content\/uploads\/2021\/09\/feedback-3676922_1920.jpg\" title=\"feedback-3676922_1920\" srcset=\"http:\/\/www.cpvassocies.com\/wp-content\/uploads\/2021\/09\/feedback-3676922_1920-1280x850.jpg 1280w, http:\/\/www.cpvassocies.com\/wp-content\/uploads\/2021\/09\/feedback-3676922_1920-640x425.jpg 640w, http:\/\/www.cpvassocies.com\/wp-content\/uploads\/2021\/09\/feedback-3676922_1920-768x510.jpg 768w, http:\/\/www.cpvassocies.com\/wp-content\/uploads\/2021\/09\/feedback-3676922_1920-1536x1020.jpg 1536w, http:\/\/www.cpvassocies.com\/wp-content\/uploads\/2021\/09\/feedback-3676922_1920-320x213.jpg 320w, http:\/\/www.cpvassocies.com\/wp-content\/uploads\/2021\/09\/feedback-3676922_1920.jpg 1920w\" sizes=\"(max-width: 1200px) 100vw, 1200px\" \/><\/a><div class=\"bt_bb_image_content\" style=\"background-color: rgba(32, 66, 138, 0.8);\"><div class=\"bt_bb_image_content_flex\"><div class=\"bt_bb_image_content_inner\"><div class=\"bt_bb_button bt_bb_icon_position_right bt_bb_color_scheme_11 bt_bb_style_clean bt_bb_size_small bt_bb_width_inline bt_bb_shape_inherit bt_bb_align_inherit\" data-bt-override-class=\"{}\"><a href=\"http:\/\/www.cpvassocies.com\/index.php\/2-4-3-enquetes-de-satisfaction-des-clients-internes-et-ou-externes\/\" target=\"_self\" class=\"bt_bb_link\" title=\"En savoir plus \"><span class=\"bt_bb_button_text\">En savoir plus <\/span><span  data-ico-fontawesome=\"&#xf101;\" class=\"bt_bb_icon_holder\"><\/span><\/a><\/div><\/div><\/div><\/div><\/div><div class=\"bt_bb_separator bt_bb_bottom_spacing_normal bt_bb_border_style_none\"><\/div><header class=\"bt_bb_headline bt_bb_dash_none bt_bb_size_small bt_bb_align_center\" data-bt-override-class=\"{&quot;bt_bb_size_&quot;:{&quot;current_class&quot;:&quot;bt_bb_size_small&quot;,&quot;xl&quot;:&quot;small&quot;},&quot;bt_bb_align_&quot;:{&quot;current_class&quot;:&quot;bt_bb_align_center&quot;,&quot;xl&quot;:&quot;center&quot;}}\"><h5 class=\"bt_bb_headline_tag\"><span class=\"bt_bb_headline_content\"><span><a href=\"http:\/\/www.cpvassocies.com\/index.php\/2-4-3-enquetes-de-satisfaction-des-clients-internes-et-ou-externes\/\" target=\"_self\" title=\"Enqu\u00eate de satisfaction des clients  internes et\/ou externes \"><u>Enqu\u00eate de satisfaction des clients<br \/>\r\ninternes et\/ou externes <\/u><\/a><\/span><\/span><\/h5><\/header><div class=\"bt_bb_separator bt_bb_bottom_spacing_normal bt_bb_border_style_none\"><\/div><\/div><\/div><\/div><\/div><\/div><\/div><\/div><\/section><\/div>","protected":false},"excerpt":{"rendered":"","protected":false},"author":1,"featured_media":0,"parent":0,"menu_order":0,"comment_status":"closed","ping_status":"closed","template":"","meta":{"footnotes":""},"_links":{"self":[{"href":"http:\/\/www.cpvassocies.com\/index.php\/wp-json\/wp\/v2\/pages\/2277"}],"collection":[{"href":"http:\/\/www.cpvassocies.com\/index.php\/wp-json\/wp\/v2\/pages"}],"about":[{"href":"http:\/\/www.cpvassocies.com\/index.php\/wp-json\/wp\/v2\/types\/page"}],"author":[{"embeddable":true,"href":"http:\/\/www.cpvassocies.com\/index.php\/wp-json\/wp\/v2\/users\/1"}],"replies":[{"embeddable":true,"href":"http:\/\/www.cpvassocies.com\/index.php\/wp-json\/wp\/v2\/comments?post=2277"}],"version-history":[{"count":25,"href":"http:\/\/www.cpvassocies.com\/index.php\/wp-json\/wp\/v2\/pages\/2277\/revisions"}],"predecessor-version":[{"id":3241,"href":"http:\/\/www.cpvassocies.com\/index.php\/wp-json\/wp\/v2\/pages\/2277\/revisions\/3241"}],"wp:attachment":[{"href":"http:\/\/www.cpvassocies.com\/index.php\/wp-json\/wp\/v2\/media?parent=2277"}],"curies":[{"name":"wp","href":"https:\/\/api.w.org\/{rel}","templated":true}]}}